ue
Suppose 30*p - 708 = 24*p. Suppose -126*o + 64552 = -p*o. Is o a prime number?
True
Let k(o) = -564*o - 14. Let q(n) = 2*n + 1. Let z(m) = -k(m) - 5*q(m). Is z(22) a prime number?
True
Suppose -8*z = 8*z - 5*z. Let f be -96*(z + 3 + -4). Suppose -1023 = f*p - 99*p. Is p composite?
True
Let j(g) = 9*g**2 - 16*g + 106. Let w(f) = 16*f**2 - 32*f + 211. Let t(c) = 5*j(c) - 2*w(c). Is t(-25) a prime number?
False
Suppose 2*q + 11 = 25. Suppose 5*i - 2*f - 3*f - 20 = 0, f = 2*i - q. Suppose i*b = -5*x + 358, 130 = -5*x + 3*b + 512. Is x a prime number?
False
Let m(k) = -k**2 + 10*k + 3. Let r be m(10). Suppose -27198 = -r*w + 735. Is w a prime number?
True
Let w be 1710566/(-55)*(-20)/8. Suppose 7*t = -6*t + w. Is t a composite number?
False
Suppose 3*b + 4*h = 1024 + 11766, -b - 4*h = -4274. Suppose 3*i - b = -409. Let u = 2542 - i. Is u a composite number?
False
Let l be (3 - (-36)/15) + 2/(-5). Suppose -2*g - 5*d = -18, -18 - 4 = 2*g - l*d. Is 1147 - (-6 + g + 3) prime?
True
Suppose 7*p = 5*p + 34100. Suppose 5*t = 2*n + 54568, -3*n + 15695 + p = 3*t. Is -5 - t/(-5) - 4/5 prime?
False
Suppose 4 = 4*q - 4*i, -q + 18*i = 13*i - 5. Suppose -b + 4327 = -y, q = -6*b + 11*b + 4*y - 21635. Is b a prime number?
True
Let l be 4 + (-1)/(3/357*1). Let u = 120 + l. Suppose -u*y - 3*p = -2867, 2*y - 3*y - 5*p = -591. Is y composite?
False
Let o(c) = c**3 + c**2 + c - 3. Let g be o(1). Suppose -8490 = -6*h - g*h. Is h composite?
True
Let h = -19646 - -44377. Is h a prime number?
False
Let p = 41502 - 27371. Is p composite?
True
Suppose 20170 = -9*d + 177805. Suppose -1183 + d = 12*j. Is j a prime number?
True
Is ((-1218)/(-812))/((0 - 2)*6/(-2987216)) prime?
False
Let j = 1 - 1. Suppose -5*h = -10*t + 9*t - 154, -593 = 4*t + 3*h. Let k = j - t. Is k a composite number?
False
Let u(g) = 46228*g**2 + 24*g - 23. Is u(1) composite?
False
Let q = -225385 - -403824. Is q composite?
False
Suppose -4*b = -3*k - 22452 - 29230, -64600 = -5*b + 5*k. Suppose -4*f + 2*p = -b, -p + 1289 = f - 1937. Is f composite?
False
Let b(y) = -y**3 - y + 2269. Let s be b(0). Suppose 22644 = -16*v - 2*v. Let i = v + s. Is i a composite number?
True
Suppose -5*x = -2*r + 18, 4*x = -5*r + 6*r - 15. Let s be r/((-2)/8) + 4133 + 0. Suppose 5*z = 598 + s. Is z a prime number?
True
Suppose -121*b = -18210458 - 7081083. Is b a prime number?
True
Let f = 40660 + -27137. Let u = f + -5772. Is u a prime number?
False
Suppose -5*b + 10*b - 90 = 0. Let l(n) = -10 + 106*n + 14 + 1 + 0. Is l(b) composite?
False
Is (18/12)/3*-371451*(-2)/3 composite?
False
Is (48 - 49) + (9 + -7 - (0 + -308680)) composite?
False
Let h(b) = 29*b - 207. Let c be h(25). Let y = -225 + c. Is y composite?
False
Let a(j) = 447*j + 107. Let v be (4 - (-65)/15) + (-6)/18. Is a(v) composite?
True
Let p = -1759429 - -2885588. Is p prime?
True
Suppose 0 = 5*g + 10, -36 = 4*c + 5*g + 166. Let s = c + 265. Is s a composite number?
True
Let o be 25730/(-6) + 1*2/6. Let m = -2217 - o. Is m composite?
True
Let k(t) = -4*t**3 + 5*t**2 + 9*t + 3. Let z(m) = -m**2 - 9*m - 13. Let u be z(-6). Suppose 27 = -u*p - 3. Is k(p) a prime number?
False
Suppose 0 = 25*t - 1208804 - 1375521. Is t composite?
True
Let d(q) = 30*q**2 - 7*q - 4. Let w(h) = -h**2 + h + 9. Let r be w(-3). Let p(c) = -c - 1. Let u(v) = r*p(v) + d(v). Is u(-2) composite?
False
Let a be -24 + 19 + (-11)/(-1) - 29. Suppose 0 = -5*x - 25, -c - 4*x + 4 = -3*c. Let s = c - a. Is s prime?
True
Let y = -26325 + 49724. Is y prime?
True
Let a be (-7804)/(-36) + 6/27. Suppose -2*v - a = 667. Let m = 191 - v. Is m a composite number?
True
Let o(k) = 428977*k**3 + 19*k - 19. Is o(1) composite?
False
Let j = 8179 + -14492. Let n = j - -10578. Is n a composite number?
True
Let a be 54/10 - 4/10 - 2. Suppose 0 = -4*l + 8, a*z = -0*l - 2*l + 1351. Is z composite?
False
Is (612/(-6))/(-17) - -96517 composite?
True
Is 7196 - (-5 + 12 + 6) a prime number?
False
Suppose 21813 = 9*r - 11091. Suppose 4*o - 4*k - r = 0, 2*o + 3*k = -0*k + 1813. Is o composite?
False
Suppose 0*a = -3*a + 6, 6 = 2*w + a. Suppose -w + 18 = 8*r. Suppose 0*p + 2*p - 713 = o, 0 = r*p - 5*o - 725. Is p a prime number?
False
Suppose 4*s - 8 = 0, -5*w + 6*w = -4*s + 23. Let a(z) = 56*z + 37. Is a(w) a prime number?
True
Suppose r - 7*r = -2*r. Is r - 0 - (3 - (4383 + -3)) a composite number?
True
Suppose b + q + 41704 = 4*b, 0 = 2*b + q - 27801. Is b a prime number?
True
Let v = -34541 + 231834. Is v composite?
False
Let q = 80 + -63. Suppose -q = -3*s - 5. Suppose 2*v = 2*w + 7662, w + 3*w = -s*v + 15308. Is v composite?
True
Let s(b) = -b**3 + 22*b**2 - 38*b - 35. Let g be s(20). Suppose g*o - 2*o = 2397. Is o prime?
False
Suppose 16*h - 15*h + 3447 = 0. Is (-2 + 0)*(5 - h/(-18)) prime?
True
Suppose 4*t = 4*j + 8 + 16, -9 = 2*t + 5*j. Suppose -2*q = 0, q + t*q - 16 = -2*l. Is 4071/12 - l/32 a prime number?
False
Let z = -348 - -372. Is 1 + (z/(-5))/((-12)/6570) prime?
False
Suppose 3*n + 32 = -2*n + t, -n + 2*t = 1. Let u(x) = -4*x**2 - 3*x - 15. Let g be u(n). Is 2/(-4)*-2 - g/1 prime?
True
Let i(y) = -y**2 + 6*y - 8. Let w be i(4). Let b be 3 - 3 - (-537 + w). Let d = b - -116. Is d a prime number?
True
Let q = -26 + 1145. Let l = 1624 - q. Is l a composite number?
True
Let d be (4 + (-2 - 4))*-3. Suppose d*j - 1692 = 3570. Is j composite?
False
Let j(x) = -x**3 - 3*x**2 + 3*x + 7. Let m be j(-4). Suppose 0 = 8*s - m*s - 9. Is -4 - (s - (4377 - 3)) prime?
True
Is 7/(-42)*-54 + 260432 a composite number?
False
Let s(k) = -385*k**2 - 7*k + 3 - 6 + 1714*k**2. Let o be s(-3). Is (-3)/12 - o/(-12) a composite number?
True
Suppose 0*p - 8 = -2*p. Suppose n - 4*h - 23 = 3, 0 = -p*n + 3*h + 52. Is n/4*(-1 - (-6729)/15) a prime number?
False
Let y = -23256 - -35407. Is y a composite number?
True
Let w(r) = r - 25. Let u be w(23). Is ((-3)/u)/((-108)/(-199224)) composite?
False
Let r(l) = l**3 + 12*l**2 - l + 3. Let d be r(-12). Suppose d*o = 10*o. Suppose 0 = -4*b + 3*m + 386, -5*b + o*b - 3*m + 469 = 0. Is b prime?
False
Let i = 10118151 - 7217913. Is 6/21 + i/154 composite?
True
Suppose 185 = 6*u + 47. Suppose u*g - 58123 = 10*g. Is g a prime number?
False
Let p(n) = 36 + 26 + 3239*n - 50. Is p(1) prime?
True
Suppose 3*b = 5*k - 80 + 96, 3*b = 2*k + 28. Suppose 3*z = -2*z + 40. Is (((-62991)/b)/(-9))/(2/z) a prime number?
True
Let j = 46392 + -10093. Is j prime?
True
Suppose 2*h + h + 2*n = -5, -5*n = -5*h + 25. Let z be -2 + 0 - (821 + h). Let s = -445 - z. Is s prime?
True
Let y(p) = -p**3 + 68*p**2 - 63*p + 13. Let g be 0 + -1 + 22 + 6. Is y(g) a composite number?
False
Let x = -65 + 95. Let s = x - 24. Is 1420/s + 2/6 a prime number?
False
Suppose 3*w - 674 = i, 1398 = 4*w - 5*i + 481. Suppose 0 = -5*d - x - w, -8*d + 5*d - 2*x - 131 = 0. Is ((-4)/12 - 1626/d)*5 a composite number?
False
Suppose 7404 = 4*m + 2*q, 408 + 1438 = m + 3*q. Let w be (m/(-6))/(3 + 62/(-21)). Is (-1 + w)*(-1 + 5)/(-12) a prime number?
True
Suppose -2*z = 2*x + 2, x + 21 = -0*x - 5*z. Let a be 23965/x + 3/(-12). Suppose -2*d + 2*m = -2412, 0 = 4*d - 5*m - a + 1164. Is d a composite number?
True
Let i = -51 - -55. Let w(f) = -f**2 + 2*f + 7. Let r be w(i). Is (21/12)/((-2)/2216*r) prime?
False
Let p(f) = 300*f + 8. Let j be p(11). Let k be 12/(-8)*j/(-3). Suppose -662 = -4*g + k. Is g composite?
True
Let x be -4*(-1736)/(-16)*-62. Suppose 4*g - x = 4*b, g - 90*b = -94*b + 6747. Is g composite?
True
Let w be 3 + -4 - -6 - 4. Suppose -g = -w, 0 = x - 4*g - 749 + 266. Is x a composite number?
False
Let j(g) = -84*g - 23. Let y(p) = -83*p - 22. Suppose -38 + 2 = 9*z. Let q(h) = z*y(h) + 3*j(h). Is q(6) a prime number?
True
Let n(q) = 4*q**3 + 39*q**2 + 36*q - 113. Let f(i) = 3*i**3 + 38*i**2 + 36*i - 111. Let x(m) = 5*f(m) - 4*n(m). Is x(24) prime?
True
Let h(m) = -347*m**3 + 12*m**2 - 22*m - 34. Is h(-7) prime?
False
Let c(x) = x**3 - 12*x**2 - 12*x - 12. Let p be c(13). Let y be p*9 - (-15 - -13). Suppose -7010 = z - y*z. Is z composite?
False
Suppose -9427751 = -126*y - 53*y. Is y a composite number?
True
Suppose 0 = -3*s - 3*b + 12, 5*s + 2*b = -3 + 17. Suppose w = 6*w - 2*u - 12425, 0 = -3*w - s*u + 7471. Is w a composite number?
True
Suppose 0 = -26*c + 378714 - 31692. Suppose -5*x + 6*r - r = 40550, -24306 = 3*x + 3*r. Let h = x + c. 